-6)/33. Let k be (-4 - u)*12/(-5). What is the greatest common factor of 12 and k?
12
Let j = -19 - -15. Let v = 6 - j. Let i be 3/15 - (-349)/5. What is the highest common factor of i and v?
10
Let l be (1 + -6 + -1)*133/(-21). What is the greatest common factor of l and 247?
19
Let x be (11 - 0) + 2 - 1. Let t = x + -10. Suppose 8 = t*o, 2*u + 3*o - 15 = 45. What is the greatest common divisor of 3 and u?
3
Suppose -3682 + 11680 = 6*d. What is the highest common factor of 31 and d?
31
Let m = 13 + -4. Suppose m = -0*c + c. What is the greatest common factor of c and 1?
1
Suppose s - 6*s = -10. Suppose -s*w - 4 = -48. Suppose 5*i - 10*i + 60 = g, -279 = -5*g - 4*i. What is the greatest common divisor of w and g?
11
Suppose a - 5*g = -3*a + 973, 3*g = -15. Let q be 3/9*-4 + a/9. Calculate the greatest common divisor of 5 and q.
5
Let k be 0/((-2)/4*4) - -12. Let v be ((-14)/2)/(0 + 1). Let n = k + v. What is the highest common factor of 50 and n?
5
Let k be (-2)/(-2)*(-59 + 68). What is the highest common divisor of 243 and k?
9
Let j be (-9 - 670/(-70))*(-322)/(-4). Calculate the greatest common factor of 2806 and j.
46
Let a be (80/15 - -4)*54/7. Suppose a = 5*u + 4*y - 44, -y + 4 = 0. Calculate the highest common factor of 4 and u.
4
Let f(a) = 45*a**2 + 8*a + 22. Let o be f(-5). Calculate the highest common divisor of 41 and o.
41
Let z be 875/(-28)*(-36)/9. Calculate the greatest common divisor of 45 and z.
5
Let j(o) = o**3 - 5*o**2 + 5*o + 1. Let p be j(4). Suppose -11 = -p*g + 4. Suppose -75 = g*b - 6*b. What is the greatest common divisor of 125 and b?
25
Let k(w) = -19*w**3 + 8*w**2 + 32*w - 15. Let r be k(-5). Calculate the greatest common factor of r and 12.
12
Let o(a) = -56*a - 26. Let j be o(-4). Let l be ((-3)/4)/((-5)/120). Calculate the highest common divisor of j and l.
18
Suppose -44 + 26 = -2*v. Calculate the highest common factor of v and 540.
9
Let b be 4/18 - (-3560)/18. Let c be 8 - ((-2)/9 + (-88)/9). Calculate the greatest common divisor of b and c.
18
Let w be ((-8)/(-6))/((-6)/(-36)). Calculate the greatest common divisor of w and 100.
4
Let r(b) = 0*b**3 - 3*b**2 - 3 - b**3 - 10831*b + 10827*b. Let v(n) = -n - 2. Let m be v(0). Let t be r(m). What is the greatest common factor of t and 5?
1
Suppose 2*n = 3*p - 4*p - 32, -2*p + 48 = -4*n. Let j = n + 31. What is the greatest common factor of 51 and j?
17
Let n(q) = 7*q**2 - q - 3. Let y be n(-3). Suppose 2*s - 4*s + 126 = 0. Let l be 4/(-6) + 483/s. What is the highest common factor of l and y?
7
Suppose -5*o - 4*c + 166 = 0, -5*c + 58 + 112 = 5*o. Calculate the highest common factor of 170 and o.
10
Let q = -399 - -682. Suppose f - 2*l - 356 = -4*f, -l = -4*f + q. Calculate the highest common factor of 14 and f.
14
Suppose 17*g + 23*g - 3040 = 0. Calculate the highest common divisor of g and 57.
19
Let y be (-2)/(-2) + (5 - 4). Suppose 0 = -h - y*v - 3 + 35, -4*h = 3*v - 108. What is the highest common divisor of 8 and h?
8
Let q = 1614 - 1237. Calculate the highest common factor of 29 and q.
29
Let u be 5/10 - (-82)/(-4). Let d be 12/u + (-27)/5. Let s be (-584)/(-14) - d/21. What is the greatest common divisor of s and 21?
21
Let k = 94 - 76. Suppose -5*t + 3*t - 11 = -3*g, -4*t + k = 2*g. Calculate the greatest common divisor of 34 and t.
2
Let h(s) = 22*s + 5. Let d be h(5). Let y(q) = 4*q**2 - 5*q - 5. Let t be y(-3). What is the greatest common divisor of t and d?
23
Suppose -5*p = -10*p + 15. Suppose -2*a + 0*c + 10 = -2*c, 2*a - 7 = 5*c. Suppose p*o - a = o. Calculate the highest common divisor of o and 3.
3
Suppose 42*q + 15004 = 64*q. What is the highest common factor of q and 22?
22
Suppose 0 = 5*s - 231 + 86. Let i be (-6)/21 - (-205)/7. Calculate the greatest common divisor of i and s.
29
Suppose -78*i = -91*i + 1508. What is the greatest common factor of i and 203?
29
Let g be (-6 - (-100)/6)*9. Calculate the greatest common factor of g and 240.
48
Let l(p) = -6*p + 3. Let m = -18 - -13. Let j be l(m). Suppose 3*a - 4 = a, 3*i - 7 = a. What is the highest common factor of i and j?
3
Suppose 0 = -7*t + 146 + 274. Calculate the greatest common factor of t and 600.
60
Let a(b) = -57*b + 60. Let w be a(-4). What is the highest common factor of w and 36?
36
Let t = 569 - 555. Calculate the highest common factor of t and 2.
2
Suppose 2*s + 7*s - 153 = 0. Let z = 28 + s. Calculate the highest common factor of z and 90.
45
Suppose 22*c - 289 = -25. What is the highest common factor of c and 324?
12
Let v(l) = l**2 - 15*l + 20. Let s be v(14). What is the highest common factor of 22 and s?
2
Let h = 60 + -57. Suppose h*v + 10 = v, -5*t = -5*v - 100. Calculate the greatest common divisor of t and 45.
15
Let m(d) = -2*d**3 - 2*d**2 + d + 2. Let k be m(-3). Let l be (-60)/(-270) + 5036/18 + 0. What is the highest common factor of l and k?
35
Suppose 0 = -2*o - 3*v + 33 - 16, -2*o - 2*v = -18. Suppose -2*x - 3*x = -450. Calculate the greatest common factor of x and o.
10
Let c be 632/6*3/2. Let h = c + -90. What is the greatest common factor of 102 and h?
34
Suppose 2*h - 20 - 8 = 0. Let k be (0 - 15/(-2))*h. What is the greatest common factor of k and 21?
21
Let d(o) = -5*o**3 - 4*o**2 - 3*o. Let p be d(-3). What is the highest common factor of p and 189?
27
Suppose -2*c + 403 = x, -4*x - x = -4*c + 827. Let z(n) = 16*n - 563. Let i be z(37). Calculate the greatest common divisor of i and c.
29
Let g(p) = p**3 + p**2 + p + 3. Let x be g(0). Let u = 8 - x. Suppose -2*z + 4*l = -288, z - l = u*z - 621. What is the highest common divisor of 14 and z?
14
Let k = -741 + 1119. Suppose 8*g = 10*g - k. What is the highest common factor of 27 and g?
27
Suppose 2*i - 1228 = -2*b, 2*i - i = 4*b - 2441. Calculate the greatest common factor of 47 and b.
47
Suppose -3*n - 3 = 3*j - 120, j = -2*n + 34. Suppose 4*k - 4*o = j, -2*k - 2*o + o = -16. Let b = 6 + 0. Calculate the highest common divisor of b and k.
3
Let i(z) = 11*z**2 + 31*z + 12. Let x be i(6). Calculate the greatest common divisor of 135 and x.
27
Let r = -30 - -39. Let k be ((-72)/20)/(9/(-30)). Calculate the greatest common divisor of k and r.
3
Let j = 282 - 272. What is the greatest common factor of 270 and j?
10
Suppose -z + 2*g - 6*g = -74, -70 = -z - 5*g. Suppose 5*c - 4*o = 50, 5*c + 3*o - 50 = -2*o. Calculate the greatest common factor of z and c.
10
Let n(z) = 2*z**3 + 74*z**2 - 10*z - 34. Let r be n(-37). What is the highest common divisor of r and 42?
42
Let b be 30 - (8/3 + (-2)/3). Suppose 220 = 2*p + z, -4*p + 2*z = -5*p + 104. What is the greatest common divisor of b and p?
28
Let r = -19 + 35. Suppose -5*t + r = -4*t + 4*d, 4*t + 3*d - 77 = 0. What is the greatest common factor of t and 10?
10
Let h(j) = -j**3 - 4*j**2 + 3*j - 7. Let m be h(-5). Let a = 645 + -639. Calculate the greatest common divisor of m and a.
3
Let s(t) be the third derivative of -t**4/24 + t**3 + 5*t**2. Let f be s(3). What is the highest common divisor of 3 and f?
3
Suppose 0 = t - a + 6*a + 52, -5*a = 3*t + 166. Let c = t - -67. What is the highest common factor of c and 4?
2
Suppose -3*j + 5*c = -477, 14*j + 158 = 15*j - 2*c. Calculate the highest common divisor of 1230 and j.
82
Suppose -2*k + 114 = -116. Suppose k = 6*c - 83. What is the highest common factor of c and 231?
33
Let f be -6 + ((-18)/(-24)*4 - -48). What is the highest common factor of f and 126?
9
Let p(t) = -6*t + 4. Let c be (-60)/18 + 2/6. Let n be ((-3)/c - 0) + -3. Let u be p(n). What is the highest common divisor of 64 and u?
16
Let t = -84 - -240. Suppose 58 = 11*q - 74. Calculate the greatest common factor of q and t.
12
Let p = 11 + -17. Let m be (40/p)/((-16)/168). What is the greatest common divisor of 14 and m?
14
Suppose -4*a - 76 = -50*k + 45*k, -5*k - 4*a = -44. Calculate the greatest common factor of 2076 and k.
12
Let k = -49 - -94. Let t be (1 - (-183)/(-3))*15/(-30). What is the highest common divisor of t and k?
15
Let g = -14 - -26. Suppose 6*h = 11*h + 5. Let s be (-51)/(-6 - -3) - h. Calculate the greatest common divisor of s and g.
6
Let o(i) = -10*i - 30. Let d be o(-6). Calculate the greatest common factor of d and 80.
10
Suppose -6*z = -z - 5. Let k(y) = -4*y**2 + y. Let f be k(-1). Let q = f + 13. Calculate the highest com